the remainder when 201 is divided by 34.
31
What is the remainder when 285 is divided by 58?
53
What is the remainder when 642 is divided by 43?
40
What is the remainder when 551 is divided by 7?
5
What is the remainder when 1264 is divided by 23?
22
What is the remainder when 46 is divided by 25?
21
Calculate the remainder when 5589 is divided by 10.
9
Calculate the remainder when 211 is divided by 3.
1
Calculate the remainder when 346 is divided by 6.
4
What is the remainder when 179 is divided by 60?
59
What is the remainder when 21 is divided by 4?
1
Calculate the remainder when 455 is divided by 19.
18
Calculate the remainder when 166 is divided by 8.
6
What is the remainder when 226 is divided by 25?
1
What is the remainder when 434 is divided by 17?
9
What is the remainder when 487 is divided by 122?
121
Calculate the remainder when 508 is divided by 165.
13
What is the remainder when 45 is divided by 42?
3
What is the remainder when 933 is divided by 11?
9
What is the remainder when 253 is divided by 16?
13
What is the remainder when 366 is divided by 72?
6
What is the remainder when 12 is divided by 5?
2
What is the remainder when 16110 is divided by 106?
104
Calculate the remainder when 209 is divided by 21.
20
Calculate the remainder when 80 is divided by 27.
26
Calculate the remainder when 1189 is divided by 119.
118
Calculate the remainder when 232 is divided by 82.
68
Calculate the remainder when 619 is divided by 69.
67
Calculate the remainder when 254 is divided by 115.
24
Calculate the remainder when 129 is divided by 23.
14
What is the remainder when 192 is divided by 65?
62
What is the remainder when 236 is divided by 8?
4
Calculate the remainder when 911 is divided by 193.
139
Calculate the remainder when 731 is divided by 245.
241
Calculate the remainder when 36 is divided by 21.
15
Calculate the remainder when 130 is divided by 71.
59
What is the remainder when 456 is divided by 17?
14
What is the remainder when 5988 is divided by 1493?
16
Calculate the remainder when 152 is divided by 33.
20
What is the remainder when 327 is divided by 114?
99
What is the remainder when 610 is divided by 22?
16
Calculate the remainder when 185 is divided by 12.
5
Calculate the remainder when 383 is divided by 382.
1
What is the remainder when 10425 is divided by 24?
9
What is the remainder when 157 is divided by 18?
13
What is the remainder when 350 is divided by 71?
66
Calculate the remainder when 1753 is divided by 39.
37
Calculate the remainder when 308 is divided by 24.
20
Calculate the remainder when 6119 is divided by 18.
17
What is the remainder when 356 is divided by 172?
12
Calculate the remainder when 12299 is divided by 34.
25
Calculate the remainder when 626 is divided by 11.
10
Calculate the remainder when 8339 is divided by 81.
77
Calculate the remainder when 391 is divided by 14.
13
Calculate the remainder when 53 is divided by 22.
9
Calculate the remainder when 751 is divided by 131.
96
What is the remainder when 142 is divided by 130?
12
Calculate the remainder when 294 is divided by 128.
38
What is the remainder when 786 is divided by 150?
36
What is the remainder when 846 is divided by 276?
18
What is the remainder when 76 is divided by 34?
8
Calculate the remainder when 179 is divided by 20.
19
What is the remainder when 304 is divided by 18?
16
Calculate the remainder when 253 is divided by 11.
0
Calculate the remainder when 106 is divided by 94.
12
Calculate the remainder when 95 is divided by 69.
26
What is the remainder when 249 is divided by 52?
41
What is the remainder when 9972 is divided by 15?
12
Calculate the remainder when 206 is divided by 94.
18
Calculate the remainder when 549 is divided by 23.
20
Calculate the remainder when 2819 is divided by 15.
14
What is the remainder when 402 is divided by 59?
48
Calculate the remainder when 761 is divided by 194.
179
Calculate the remainder when 509 is divided by 56.
5
Calculate the remainder when 309 is divided by 155.
154
Calculate the remainder when 662 is divided by 35.
32
Calculate the remainder when 189 is divided by 97.
92
What is the remainder when 47 is divided by 13?
8
What is the remainder when 364 is divided by 246?
118
What is the remainder when 151 is divided by 10?
1
Calculate the remainder when 936 is divided by 77.
12
What is the remainder when 818 is divided by 39?
38
What is the remainder when 41 is divided by 5?
1
What is the remainder when 191 is divided by 24?
23
What is the remainder when 669 is divided by 164?
13
What is the remainder when 64 is divided by 26?
12
Calculate the remainder when 2203 is divided by 58.
57
What is the remainder when 130 is divided by 11?
9
What is the remainder when 322 is divided by 12?
10
What is the remainder when 312 is divided by 179?
133
What is the remainder when 111 is divided by 96?
15
Calculate the remainder when 262 is divided by 25.
12
What is the remainder when 438 is divided by 9?
6
What is the remainder when 190 is divided by 33?
25
Calculate the remainder when 228 is divided by 40.
28
Calculate the remainder when 270 is divided by 13.
10
Calculate the remainder when 979 is divided by 20.
19
Calculate the remainder when 71 is divided by 33.
5
Calculate the remainder when 466 is divided by 13.
11
What is the remainder when 332 is divided by 300?
32
What is the remainder when 156 is divided by 109?
47
Calculate the remainder when 235 is divided by 60.
55
Calculate the remainder when 127 is divided by 16.
15
Calculate the remainder when 139 is divided by 20.
19
Calculate the remainder when 1259 is divided by 18.
17
What is the remainder when 230 is divided by 82?
66
Calculate the remainder when 1002 is divided by 25.
2
Calculate the remainder when 334 is divided by 21.
19
Calculate the remainder when 288 is divided by 155.
133
Calculate the remainder when 6081 is divided by 1216.
1
Calculate the remainder when 957 is divided by 10.
7
What is the remainder when 427 is divided by 116?
79
What is the remainder when 1246 is divided by 78?
76
What is the remainder when 129 is divided by 49?
31
What is the remainder when 8 is divided by 1?
0
Calculate the remainder when 26214 is divided by 9.
6
Calculate the remainder when 358 is divided by 67.
23
Calculate the remainder when 346 is divided by 39.
34
Calculate the remainder when 45 is divided by 11.
1
Calculate the remainder when 413 is divided by 186.
41
Calculate the remainder when 192 is divided by 98.
94
Calculate the remainder when 32 is divided by 5.
2
What is the remainder when 1678 is divided by 60?
58
Calculate the remainder when 424 is divided by 142.
140
What is the remainder when 149 is divided by 138?
11
What is the remainder when 121 is divided by 38?
7
What is the remainder when 187 is divided by 62?
1
Calculate the remainder when 483 is divided by 475.
8
What is the remainder when 251 is divided by 42?
41
What is the remainder when 155 is divided by 80?
75
Calculate the remainder when 681 is divided by 4.
1
Calculate the remainder when 287 is divided by 23.
11
What is the remainder when 6781 is divided by 51?
49
What is the remainder when 11 is divided by 3?
2
Calculate the remainder when 104 is divided by 27.
23
What is the remainder when 60 is divided by 31?
29
Calculate the remainder when 1220 is divided by 406.
2
What is the remainder when 161 is divided by 91?
70
Calculate the remainder when 359 is divided by 3.
2
What is the remainder when 484 is divided by 54?
52
What is the remainder when 2351 is divided by 264?
239
What is the remainder when 70 is divided by 37?
33
What is the remainder when 920 is divided by 304?
8
What is the remainder when 575 is divided by 105?
50
Calculate the remainder when 3382 is divided by 40.
22
What is the remainder when 1192 is divided by 298?
0
Calculate the remainder when 998 is divided by 166.
2
What is the remainder when 7383 is divided by 83?
79
Calculate the remainder when 786 is divided by 4.
2
What is the remainder when 388 is divided by 8?
4
What is the remainder when 2151 is divided by 700?
51
Calculate the remainder when 697 is divided by 334.
29
What is the remainder when 1503 is divided by 89?
79
What is the remainder when 410 is divided by 23?
19
Calculate the remainder when 3913 is di